{"id":179,"date":"2022-07-28T16:54:07","date_gmt":"2022-07-28T16:54:07","guid":{"rendered":"https:\/\/flipper.lu\/?page_id=179"},"modified":"2025-09-15T10:26:55","modified_gmt":"2025-09-15T08:26:55","slug":"online-reservatiounen","status":"publish","type":"page","link":"https:\/\/theaterfrennpeiteng.lu\/?page_id=179","title":{"rendered":"Online Reservatiounen"},"content":{"rendered":"\n<p class=\"has-text-align-center\" style=\"font-size:30px\"><strong>\u201e<strong>\u00c9ierens am N\u00e9ierens\u201c<\/strong><\/strong><\/p>\n\n\n<div class=\"wp-block-image\">\n<figure class=\"aligncenter size-full\"><img decoding=\"async\" src=\"https:\/\/theaterfrennpeiteng.lu\/wp-content\/uploads\/2025\/08\/Theater-Affiche-25-2.pdf\" alt=\"\" class=\"wp-image-1788\"\/><\/figure>\n<\/div>\n\n\n<p class=\"has-text-align-center has-medium-font-size\"><strong>Hei k\u00ebnn der \u00e4r Plaatzen fir eist Theaterst\u00e9ck<\/strong> <strong>online reserv\u00e9ieren<\/strong><br><strong>(ab dem 15. September 2025)<\/strong><\/p>\n\n\n\n<p style=\"font-size:16px\">D&#8216;<strong>Online-Reservatioun<\/strong> geet ganz einfach : Sicht Iech \u00e4r Plaatz(en) eraus, tippt \u00e4re Numm a Virnumm an di respektiv Case, respektiv \u00e4r Email-Address an valid\u00e9iert \u00e4re Choix. <br>Fir dass d&#8217;Reservatioun g\u00fclteg g\u00ebtt muss der \u00e4r Plaatzen via <strong>Kreditkaart <\/strong>bezuelen, da kritt der \u00e4r Ticks via Email gesch\u00e9ckt (dat dauert just e puer Minutten). Ass dat net de Fall ginn se automatesch nees fr\u00e4i geschallt.<\/p>\n\n\n\n<p style=\"font-size:16px\">Selbstverst\u00e4ndlech k\u00ebnn Dir \u00e4r Plaatzen och iwwert d&#8216;<strong>Telefonsnummer 621 380 228,<\/strong> zw\u00ebschen 16.00 an 20.00 Auer oder whatsapp\/sms, \u00c4r Ticks leien owens an der Kees, wou Dir se k\u00ebnnt w\u00e9i gewinnt Cash oder mat Digicash bezuelen.<\/p>\n\n\n\n<p style=\"font-size:16px\">D&#8217;Virstellunge sinn am Festsall vum Home St Hubert zu P\u00e9iteng, an zwar:<\/p>\n\n\n\n<p style=\"font-size:16px\"><strong>Freides de 28.11.2025<\/strong> um 20.00 Auer &#8211; Ticket 15\u20ac <br><strong>Samschdes den 29.11.2025<\/strong> um 20.00 Auer &#8211; Ticket 15\u20ac <br><strong>Sonndes de 30.11.2025<\/strong> um 17.00 Auer &#8211; Ticket 15<\/p>\n\n\n\n<p style=\"font-size:16px\"><strong>Freides den 5.12.2025<\/strong> um 20.00 Auer &#8211; Ticket 15\u20ac <br><strong>Samschdes den 6.12.2025<\/strong> um 20.00 Auer &#8211; Ticket 15\u20ac<br><strong>Sonndes den 7.12.2025<\/strong> um 17.00 Auer &#8211; Ticket 15\u20ac<\/p>\n\n\n\n<p style=\"font-size:16px\">Mir free\u00ebn eis Iech op engen vun eisen Theatervirstellungen ze gesinn a w\u00ebnsche vill Spaass. Dir braucht Iech net ze wonneren, wann \u00e4r Laachmuskelen ferm strapaz\u00e9iert ginn, a vl\u00e4icht mat Momenter richteg w\u00e9i dinn. Esou war et schonn \u00ebmmer an \u00e9iweg am Home zu P\u00e9iteng, esou ass \u00ebt och nach haut.<\/p>\n\n\n\n<div class=\"emagic\">\n    <\/div>  \n  \r\n<div class=\"emagic \" id=\"\">\r\n                        <article>\r\n                <p>Zurzeit sind keine Veranstaltungen verf\u00fcgbar.<\/p>\r\n            <\/article>\r\n            <\/div>\r\n\r\n<script type=\"text\/javascript\">\r\n    document.addEventListener(\"DOMContentLoaded\", function (event) {\r\n        jQuery(document).ready(function () {\r\n            var container = document.querySelector( '#ms-container' );\r\n            if ( container ) {\r\n                var msnry;\r\n                imagesLoaded( container, function() {\r\n                    msnry = new Masonry( container, {\r\n                        itemSelector: '#ms-container .grid-item',\r\n                    });\r\n                });\r\n            }\r\n        });\r\n        \r\n        em_width_adjust(\"#ms-container .ep-masonry-item-wrap\");\r\n        jQuery(this).prop(\"disabled\", true);\r\n    });\r\n<\/script>\r\n<style type=\"text\/css\">\r\n    .emagic .em_masonry.desktop-col-4 {\r\n        width: 23%;\r\n    }\r\n<\/style>\n","protected":false},"excerpt":{"rendered":"<p>\u201e\u00c9ierens am N\u00e9ierens\u201c Hei k\u00ebnn der \u00e4r Plaatzen fir eist Theaterst\u00e9ck online reserv\u00e9ieren(ab dem 15. September 2025) D&#8216;Online-Reservatioun geet ganz einfach : Sicht Iech \u00e4r Plaatz(en) eraus, tippt \u00e4re Numm a Virnumm an di respektiv Case, respektiv \u00e4r Email-Address an valid\u00e9iert \u00e4re Choix. Fir dass d&#8217;Reservatioun g\u00fclteg g\u00ebtt muss der \u00e4r Plaatzen via Kreditkaart bezuelen, &hellip; <\/p>\n<p class=\"link-more\"><a href=\"https:\/\/theaterfrennpeiteng.lu\/?page_id=179\" class=\"more-link\"><span class=\"screen-reader-text\">\u201eOnline Reservatiounen\u201c<\/span> weiterlesen<\/a><\/p>\n","protected":false},"author":2,"featured_media":0,"parent":0,"menu_order":0,"comment_status":"closed","ping_status":"closed","template":"","meta":{"footnotes":""},"class_list":["post-179","page","type-page","status-publish","hentry"],"yoast_head":"<!-- This site is optimized with the Yoast SEO plugin v25.9 - https:\/\/yoast.com\/wordpress\/plugins\/seo\/ -->\n<title>Online Reservatiounen - Theaterfr\u00ebnn<\/title>\n<meta name=\"robots\" content=\"index, follow, max-snippet:-1, max-image-preview:large, max-video-preview:-1\" \/>\n<link rel=\"canonical\" href=\"https:\/\/theaterfrennpeiteng.lu\/?page_id=179\" \/>\n<meta property=\"og:locale\" content=\"de_DE\" \/>\n<meta property=\"og:type\" content=\"article\" \/>\n<meta property=\"og:title\" content=\"Online Reservatiounen - Theaterfr\u00ebnn\" \/>\n<meta property=\"og:description\" content=\"\u201e\u00c9ierens am N\u00e9ierens\u201c Hei k\u00ebnn der \u00e4r Plaatzen fir eist Theaterst\u00e9ck online reserv\u00e9ieren(ab dem 15. September 2025) D&#8216;Online-Reservatioun geet ganz einfach : Sicht Iech \u00e4r Plaatz(en) eraus, tippt \u00e4re Numm a Virnumm an di respektiv Case, respektiv \u00e4r Email-Address an valid\u00e9iert \u00e4re Choix. Fir dass d&#8217;Reservatioun g\u00fclteg g\u00ebtt muss der \u00e4r Plaatzen via Kreditkaart bezuelen, &hellip; \u201eOnline Reservatiounen\u201c weiterlesen\" \/>\n<meta property=\"og:url\" content=\"https:\/\/theaterfrennpeiteng.lu\/?page_id=179\" \/>\n<meta property=\"og:site_name\" content=\"Theaterfr\u00ebnn\" \/>\n<meta property=\"article:modified_time\" content=\"2025-09-15T08:26:55+00:00\" \/>\n<meta name=\"twitter:card\" content=\"summary_large_image\" \/>\n<meta name=\"twitter:label1\" content=\"Gesch\u00e4tzte Lesezeit\" \/>\n\t<meta name=\"twitter:data1\" content=\"2\u00a0Minuten\" \/>\n<script type=\"application\/ld+json\" class=\"yoast-schema-graph\">{\"@context\":\"https:\/\/schema.org\",\"@graph\":[{\"@type\":\"WebPage\",\"@id\":\"https:\/\/theaterfrennpeiteng.lu\/?page_id=179\",\"url\":\"https:\/\/theaterfrennpeiteng.lu\/?page_id=179\",\"name\":\"Online Reservatiounen - Theaterfr\u00ebnn\",\"isPartOf\":{\"@id\":\"https:\/\/theaterfrennpeiteng.lu\/#website\"},\"primaryImageOfPage\":{\"@id\":\"https:\/\/theaterfrennpeiteng.lu\/?page_id=179#primaryimage\"},\"image\":{\"@id\":\"https:\/\/theaterfrennpeiteng.lu\/?page_id=179#primaryimage\"},\"thumbnailUrl\":\"https:\/\/theaterfrennpeiteng.lu\/wp-content\/uploads\/2025\/08\/Theater-Affiche-25-2.pdf\",\"datePublished\":\"2022-07-28T16:54:07+00:00\",\"dateModified\":\"2025-09-15T08:26:55+00:00\",\"breadcrumb\":{\"@id\":\"https:\/\/theaterfrennpeiteng.lu\/?page_id=179#breadcrumb\"},\"inLanguage\":\"de\",\"potentialAction\":[{\"@type\":\"ReadAction\",\"target\":[\"https:\/\/theaterfrennpeiteng.lu\/?page_id=179\"]}]},{\"@type\":\"ImageObject\",\"inLanguage\":\"de\",\"@id\":\"https:\/\/theaterfrennpeiteng.lu\/?page_id=179#primaryimage\",\"url\":\"\",\"contentUrl\":\"\"},{\"@type\":\"BreadcrumbList\",\"@id\":\"https:\/\/theaterfrennpeiteng.lu\/?page_id=179#breadcrumb\",\"itemListElement\":[{\"@type\":\"ListItem\",\"position\":1,\"name\":\"Startseite\",\"item\":\"https:\/\/theaterfrennpeiteng.lu\/\"},{\"@type\":\"ListItem\",\"position\":2,\"name\":\"Online Reservatiounen\"}]},{\"@type\":\"WebSite\",\"@id\":\"https:\/\/theaterfrennpeiteng.lu\/#website\",\"url\":\"https:\/\/theaterfrennpeiteng.lu\/\",\"name\":\"Theaterfr\u00ebnn\",\"description\":\"Website Theaterfr\u00ebnn\",\"potentialAction\":[{\"@type\":\"SearchAction\",\"target\":{\"@type\":\"EntryPoint\",\"urlTemplate\":\"https:\/\/theaterfrennpeiteng.lu\/?s={search_term_string}\"},\"query-input\":{\"@type\":\"PropertyValueSpecification\",\"valueRequired\":true,\"valueName\":\"search_term_string\"}}],\"inLanguage\":\"de\"}]}<\/script>\n<!-- \/ Yoast SEO plugin. -->","yoast_head_json":{"title":"Online Reservatiounen - Theaterfr\u00ebnn","robots":{"index":"index","follow":"follow","max-snippet":"max-snippet:-1","max-image-preview":"max-image-preview:large","max-video-preview":"max-video-preview:-1"},"canonical":"https:\/\/theaterfrennpeiteng.lu\/?page_id=179","og_locale":"de_DE","og_type":"article","og_title":"Online Reservatiounen - Theaterfr\u00ebnn","og_description":"\u201e\u00c9ierens am N\u00e9ierens\u201c Hei k\u00ebnn der \u00e4r Plaatzen fir eist Theaterst\u00e9ck online reserv\u00e9ieren(ab dem 15. September 2025) D&#8216;Online-Reservatioun geet ganz einfach : Sicht Iech \u00e4r Plaatz(en) eraus, tippt \u00e4re Numm a Virnumm an di respektiv Case, respektiv \u00e4r Email-Address an valid\u00e9iert \u00e4re Choix. Fir dass d&#8217;Reservatioun g\u00fclteg g\u00ebtt muss der \u00e4r Plaatzen via Kreditkaart bezuelen, &hellip; \u201eOnline Reservatiounen\u201c weiterlesen","og_url":"https:\/\/theaterfrennpeiteng.lu\/?page_id=179","og_site_name":"Theaterfr\u00ebnn","article_modified_time":"2025-09-15T08:26:55+00:00","twitter_card":"summary_large_image","twitter_misc":{"Gesch\u00e4tzte Lesezeit":"2\u00a0Minuten"},"schema":{"@context":"https:\/\/schema.org","@graph":[{"@type":"WebPage","@id":"https:\/\/theaterfrennpeiteng.lu\/?page_id=179","url":"https:\/\/theaterfrennpeiteng.lu\/?page_id=179","name":"Online Reservatiounen - Theaterfr\u00ebnn","isPartOf":{"@id":"https:\/\/theaterfrennpeiteng.lu\/#website"},"primaryImageOfPage":{"@id":"https:\/\/theaterfrennpeiteng.lu\/?page_id=179#primaryimage"},"image":{"@id":"https:\/\/theaterfrennpeiteng.lu\/?page_id=179#primaryimage"},"thumbnailUrl":"https:\/\/theaterfrennpeiteng.lu\/wp-content\/uploads\/2025\/08\/Theater-Affiche-25-2.pdf","datePublished":"2022-07-28T16:54:07+00:00","dateModified":"2025-09-15T08:26:55+00:00","breadcrumb":{"@id":"https:\/\/theaterfrennpeiteng.lu\/?page_id=179#breadcrumb"},"inLanguage":"de","potentialAction":[{"@type":"ReadAction","target":["https:\/\/theaterfrennpeiteng.lu\/?page_id=179"]}]},{"@type":"ImageObject","inLanguage":"de","@id":"https:\/\/theaterfrennpeiteng.lu\/?page_id=179#primaryimage","url":"","contentUrl":""},{"@type":"BreadcrumbList","@id":"https:\/\/theaterfrennpeiteng.lu\/?page_id=179#breadcrumb","itemListElement":[{"@type":"ListItem","position":1,"name":"Startseite","item":"https:\/\/theaterfrennpeiteng.lu\/"},{"@type":"ListItem","position":2,"name":"Online Reservatiounen"}]},{"@type":"WebSite","@id":"https:\/\/theaterfrennpeiteng.lu\/#website","url":"https:\/\/theaterfrennpeiteng.lu\/","name":"Theaterfr\u00ebnn","description":"Website Theaterfr\u00ebnn","potentialAction":[{"@type":"SearchAction","target":{"@type":"EntryPoint","urlTemplate":"https:\/\/theaterfrennpeiteng.lu\/?s={search_term_string}"},"query-input":{"@type":"PropertyValueSpecification","valueRequired":true,"valueName":"search_term_string"}}],"inLanguage":"de"}]}},"_links":{"self":[{"href":"https:\/\/theaterfrennpeiteng.lu\/index.php?rest_route=\/wp\/v2\/pages\/179","targetHints":{"allow":["GET"]}}],"collection":[{"href":"https:\/\/theaterfrennpeiteng.lu\/index.php?rest_route=\/wp\/v2\/pages"}],"about":[{"href":"https:\/\/theaterfrennpeiteng.lu\/index.php?rest_route=\/wp\/v2\/types\/page"}],"author":[{"embeddable":true,"href":"https:\/\/theaterfrennpeiteng.lu\/index.php?rest_route=\/wp\/v2\/users\/2"}],"replies":[{"embeddable":true,"href":"https:\/\/theaterfrennpeiteng.lu\/index.php?rest_route=%2Fwp%2Fv2%2Fcomments&post=179"}],"version-history":[{"count":62,"href":"https:\/\/theaterfrennpeiteng.lu\/index.php?rest_route=\/wp\/v2\/pages\/179\/revisions"}],"predecessor-version":[{"id":1825,"href":"https:\/\/theaterfrennpeiteng.lu\/index.php?rest_route=\/wp\/v2\/pages\/179\/revisions\/1825"}],"wp:attachment":[{"href":"https:\/\/theaterfrennpeiteng.lu\/index.php?rest_route=%2Fwp%2Fv2%2Fmedia&parent=179"}],"curies":[{"name":"wp","href":"https:\/\/api.w.org\/{rel}","templated":true}]}}